9. Calculate n(4).
-13
Let u(o) = 4*o - 8. Determine u(2).
0
Let s(x) = x**3 - x**2 + x + 20. Give s(0).
20
Let p(l) = -36*l**3 + l**2 - l - 2. Calculate p(1).
-38
Let j(x) = -x**2 - 6*x. Calculate j(-6).
0
Let j(l) = 53*l + 426. Calculate j(-8).
2
Let a(j) = -j**2 - 27*j - 151. What is a(-8)?
1
Let z(p) = p**3 + 8*p**2 - 3*p + 3. What is z(-6)?
93
Let z(v) = v**2 + 3*v - 122. Calculate z(9).
-14
Let c(k) = 4*k**2 - 49*k - 36. Give c(13).
3
Let l(u) = -11*u + 10. Give l(5).
-45
Let i(z) = -z**3 - 5*z**2 - 4*z - 2. What is i(-2)?
-6
Let i(n) = -n**2 - 3*n - 1. What is i(-5)?
-11
Let d(a) = -a**2 + 10*a + 8. Give d(6).
32
Let c(i) = i**2 + i - 4. Calculate c(6).
38
Let a(s) = s**2 + 77*s + 76. Calculate a(-1).
0
Let z(y) = 9*y - 10. Determine z(4).
26
Let c(i) = i + 17. Calculate c(-7).
10
Let b(m) = 2*m. What is b(-3)?
-6
Let n(b) = -b**3 + 8*b**2 - 2*b + 8. What is n(8)?
-8
Let o(m) = -40*m - 724. Calculate o(-18).
-4
Let w(g) = 2*g**2 - 3*g - 10. Determine w(5).
25
Let s(b) = 8*b - 9. Calculate s(8).
55
Let r(z) = -z**3 - 32*z**2 + 33*z + 3. Determine r(-33).
3
Let z(f) = 2*f**3 - 20*f**2 + 31*f + 8. Give z(8).
0
Let l(w) = w**2 + 3*w - 10. Calculate l(-4).
-6
Let h(p) = p**3 - 13*p**2 - 17*p + 49. Calculate h(14).
7
Let n(y) = -4*y**2 - 2*y - 2. Give n(-3).
-32
Let h(j) = j**3 + 11*j**2 + 14*j - 39. What is h(-9)?
-3
Let k(t) = t**3 - 8*t**2 + 9*t + 1. What is k(7)?
15
Let n(k) = k**2 + 8*k - 2. Calculate n(-6).
-14
Let q(a) = a**2 + 29*a + 14. Give q(-29).
14
Let r(w) = 57*w - 461. Determine r(8).
-5
Let m(y) = -y**3 + y**2 - 3*y - 6. Calculate m(0).
-6
Let u(o) = -2*o**3 - 52*o**2 - 2*o - 54. Calculate u(-26).
-2
Let z(d) = -2*d**3 - 15*d**2 - 8*d - 7. Give z(-7).
0
Let t(b) = -7*b**2 - 4. Give t(-2).
-32
Let i(a) = -a - 25. Determine i(-7).
-18
Let q(o) = -o. Determine q(2).
-2
Let r(m) = -3*m**2 + 54*m - 41. Determine r(17).
10
Let b(y) = -2*y**2 + 3*y - 1. Calculate b(2).
-3
Let n(y) = -29*y. What is n(5)?
-145
Let q(c) = 11*c**2 - 7*c - 17. Determine q(-2).
41
Let z(i) = -8*i + 12. Determine z(2).
-4
Let o(q) = q**2 - 7*q + 6. What is o(8)?
14
Let t(j) = -j**3 + 4*j**2 - 3*j + 25. What is t(4)?
13
Let v(y) = y**2 + 8*y + 21. What is v(-4)?
5
Let n(q) = -18*q - 210. Give n(-12).
6
Let s(k) = k**2 - 29*k + 37. What is s(28)?
9
Let r(i) = -11*i + 11. Determine r(3).
-22
Let y(d) = d**3 + 5*d**2 - 6*d - 9. Calculate y(-6).
-9
Let k(d) = 43*d - 11. Give k(3).
118
Let g(p) = 6*p + 4. Give g(-2).
-8
Let k(x) = x**2 - x - 2. Give k(-4).
18
Let v(j) = -23*j - 19. Calculate v(-1).
4
Let x(g) = -g**2 - 6*g - 19. Determine x(-6).
-19
Let g(j) = 44*j - 17. Determine g(2).
71
Let q(t) = -t + 2. Give q(-2).
4
Let m(l) = 7*l - 4. What is m(3)?
17
Let p(c) = -c**2 + 19*c - 23. Determine p(18).
-5
Let j(z) = -2*z**3 - 19*z**2 - 10*z - 14. Give j(-9).
-5
Let w(r) = 11*r**2 - 34*r - 2. What is w(3)?
-5
Let y(x) = 10*x + 513. What is y(-51)?
3
Let m(x) = 65*x**3 - 2*x**2. Give m(1).
63
Let d(u) = u**2 + 4*u - 45. Give d(-10).
15
Let f(b) = b**3 + 2*b**2 + 8*b - 6. What is f(-4)?
-70
Let v(g) = -4*g**3 - 2*g**2 - 7*g - 15. What is v(-2)?
23
Let m(a) = -a**3 - 10*a**2 + 13. Determine m(-10).
13
Let q(j) = -j**3 - 6*j**2 - 10*j - 47. Determine q(-6).
13
Let t(f) = -f**3 + 12*f**2 - 9*f - 6. Give t(11).
16
Let n(a) = a**2 + a + 3. Determine n(-6).
33
Let q(x) = 7*x**3 - 2*x**2 - 13*x + 14. Give q(1).
6
Let o(y) = -9*y + 107. What is o(12)?
-1
Let b(m) = 2*m**2 + 19*m - 5. Calculate b(-10).
5
Let q(g) = -g**3 - 7*g**2 - 5*g - 11. What is q(-5)?
-36
Let p(x) = 4*x + 61. Give p(-14).
5
Let m(f) = f**2 + f - 14. What is m(0)?
-14
Let g(d) = -d + 6. Calculate g(-4).
10
Let y(i) = 3*i**3 - 20*i**2 + 14*i - 8. Determine y(6).
4
Let m(o) = o**2 + o + 13. Give m(0).
13
Let z(u) = -u - 30. Calculate z(9).
-39
Let j(f) = -f**3 - 11*f**2 + 14*f + 29. Give j(-12).
5
Let z(f) = 9*f - 172. Give z(22).
26
Let a(v) = 2*v**3 - 11*v**2 - 4*v - 1. What is a(5)?
-46
Let c(t) = 2*t**3 + 12*t**2 + 16*t - 4. Calculate c(-2).
-4
Let c(h) = h**3 - 2*h**2 - 2*h - 7. Calculate c(3).
-4
Let a(g) = -g**2 + 8*g + 17. What is a(9)?
8
Let o(n) = -8*n**2. Give o(1).
-8
Let n(y) = -14*y - 62. What is n(-4)?
-6
Let k(z) = -z**3 + 3*z**2 - 3*z + 5. Calculate k(5).
-60
Let y(k) = 2*k + 5. Give y(-6).
-7
Let z(i) = i**2 - 68*i + 254. What is z(64)?
-2
Let i(j) = 8*j**3 + 2*j**2 - 2*j - 1. What is i(-1)?
-5
Let i(b) = 2*b**2 + 37*b - 29. Calculate i(-13).
-172
Let a(r) = -38*r**2 + r - 1. What is a(1)?
-38
Let q(b) = -b**3 - 5*b**2 - b + 4. Give q(-4).
-8
Let f(z) = z**3 + 13*z**2 + 10*z - 35. Calculate f(-12).
-11
Let h(z) = z**2 + 9*z - 19. Give h(-9).
-19
Let y(j) = -j + 4. Determine y(5).
-1
Let o(y) = 2*y - 7. Calculate o(4).
1
Let a(u) = -u - 1. Give a(-6).
5
Let k(f) = 3*f - 2. What is k(-9)?
-29
Let y(h) = h**3 + 33*h**2 + 116*h - 8. What is y(-29)?
-8
Let c(k) = k - 2. Give c(-12).
-14
Let d(l) = -2*l**3 - 5*l**2 - 5*l + 2. Give d(-2).
8
Let y(z) = -2*z**3 + 20*z**2 - 15*z + 36. What is y(9)?
63
Let t(k) = 46*k - 133. Give t(3).
5
Let j(w) = 2*w + 42. What is j(-3)?
36
Let d(c) = -c**2 + 31*c + 68. What is d(33)?
2
Let y(j) = -2*j**2 - 9*j - 4. Give y(-4).
0
Let z(n) = -n**3 - n**2 + n + 36. Determine z(0).
36
Let m(r) = -2*r - 80. Give m(-40).
0
Let j(b) = b**2 - 3*b - 2. Determine j(0).
-2
Let c(u) = u**2 - 36*u + 177. What is c(6)?
-3
Let t(z) = -2*z**2 - 4*z - 6. Determine t(-5).
-36
Let a(x) = x**2 + 20*x + 31. What is a(-13)?
-60
Let j(m) = 3*m**3 - 10*m**2 + 2*m + 2. What is j(3)?
-1
Let t(g) = -g**3 + 36*g**2 - 33*g - 63. Give t(35).
7
Let f(z) = -2*z**2 + 7*z + 1. Give f(6).
-29
Let q(c) = -3*c**2 - c + 3. Calculate q(-4).
-41
Let j(h) = -h**2 + 20*h - 11. What is j(20)?
-11
Let p(d) = -d**2 + 23*d + 20. What is p(24)?
-4
Let o(y) = 2*y + 2. Give o(-2).
-2
Let r(h) = 4*h + 1. What is r(3)?
13
Let w(b) = -b**2 + 22*b - 67. Give w(18).
5
Let j(g) = g**2 - 16*g - 13. Determine j(17).
4
Let c(q) = -5*q - 1. Calculate c(-1).
4
Let p(h) = -h**3 + 2*h**2 - h + 7. Determine p(3).
-5
Let n(q) = -q**2 - 26*q + 9. Give n(-27).
-18
Let m(o) = o**2 + 2*o + 2. What is m(7)?
65
Let f(l) = -l**3 - 10*l**2 - 6*l + 13. Calculate f(-9).
-14
Let a(s) = 3*s**2 + 26*s + 21. What is a(-9)?
30
Let f(c) = 5*c + 202. Calculate f(-38).
12
Let y(s) = -39*s - 152. Give y(-4).
4
Let k(y) = -83*y - 580. What is k(-7)?
1
Let n(d) = d + 17. What is n(-2)?
15
Let k(p) = 4*p - 30. Determine k(6).
-6
Let s(u) = -3*u - 27. What is s(-9)?
0
Let w(o) = -14*o + 26. Calculate w(3).
-16
Let x(z) = -z**3 + 9*z**2 - 7*z - 2. Calculate x(6).
64
Let w(m) = m**3 - 7*m**2 + 6*m. What is w(6)?
0
Let a(w) = w**2 - 4*w - 6. Give a(-5).
39
Let m(r) = r - 3. Give m(1).
-2
Let v(w) = -3*w**3 - 3*w**2 + 6*w - 4. Determine v(1).
-4
Let s(z) = z**3 + 10*z**2. Determine s(-10).
0
Let z(f) = f**2 + 8*f - 61. What is z(-11)?
-28
Let w(s) = -9*s - 82. Calculate w(-9).
-1
Let p(w) = w**3 - 9*w**2 + 7*w + 16. Give p(8).
8
Let a(i) = i**3 - 10*i**2 + 12*i + 11. Determine a(8).
-21
Let i(n) = -n**3 + n**2 + 13*n + 9. What is i(-5)?
94
Let q(p) = 4*p - 2. Give q(-4).
-18
Let f(y) = -y**3 - 2*y**2 + 6*y - 25. Give f(-5).
20
Let p(i) = 8*i**2 - i + 2. Calculate p(2).
32
Let u(h) = h**2 - 9*h - 29. What is u(11)?
-7
Let q(t) = -t**2 + 8*t - 10. Calculate q(6).
2
Let c(a) = 4*a + 74. Calculate c(-17).
6
Let r(a) = 11*a + 91. What is r(-7)?
14
Let q(b) = 53*b**2 + b + 1. Give q(-1).
53
Let a(u) = -5*u + 15. Give a(9).
-30
Let g(x) = -14*x + 4. Give g(-1).
18
Let z(q) = q**3 - 3*q**2 - 22*q + 32. Give z(6).
8
Let v(g) = g**3 - 13*g**2 - 19*g - 7. Calculate v(14).
-77
Let j(l) = -l**3 + 4*l**2 + 2*l - 6. What is j(4)?
2
Let n(s) = s**2 - 10*s + 11. What is n(8)?
-5
Let g(f) = -4*f + 48. Determine g(26).
-56
Let t(d) = d**2 + 26*d - 249. Calculate t(-33).
-18
Let j(h) = -2*h**2 + 12*h + 17. Give j(10).
-63
Let k(a) = a**3 - 4*a**2 - 13*a - 6. Determine k(7).
50
Let d(m) = 2*m**2 + 2*m. Calculate d(4).
40
Let q(m) = -2*m**3 - m**2 - 2*m - 9. Determine q(-2).
7
Let z(t) = t**2 + 6*t + 2. What is z(-3)?
-7
Let b(m) = -5*m - 32. What is b(-14)?
38
Let z(s) = s**2 + 14*s + 19. What is z(-10)?
-21
Let l(b) = 9*b**3 - 5*b**2 + 6*b - 4. What is l(1)?
6
Let j(q) = 14*q + 143. Determine j(-11).
-11
Let k(q) = 20*q**2 - 77*q - 14. Calculate k(4).
-2
Let n(t) =